{"id":854,"date":"2015-12-15T19:12:46","date_gmt":"2015-12-15T18:12:46","guid":{"rendered":"http:\/\/amap.porte.csc49.fr\/?page_id=854"},"modified":"2021-03-07T10:40:32","modified_gmt":"2021-03-07T09:40:32","slug":"gateau-citrouille-noix-de-coco-et-cake-au-potiron-et-pepites-de-chocolat","status":"publish","type":"page","link":"https:\/\/amap.porte.csc49.fr\/?page_id=854","title":{"rendered":"G\u00e2teau citrouille noix de coco"},"content":{"rendered":"<div dir=\"ltr\"><span style=\"color: #cd232c;\">&nbsp;<\/span><em>Ingr\u00e9dients<\/em><\/div>\n<div dir=\"ltr\">160g de sucre<\/div>\n<div dir=\"ltr\">100g de farine<\/div>\n<div dir=\"ltr\">1 sachet de levure<\/div>\n<div dir=\"ltr\">1 pinc\u00e9e de sel<\/div>\n<div dir=\"ltr\">150g de noix de coco en poudre<\/div>\n<div dir=\"ltr\">3 oeufs<\/div>\n<div dir=\"ltr\">100g de beurre<\/div>\n<div dir=\"ltr\">300g de citrouille rapp\u00e9e (crue ou cuite \u00e0 la vapeur 10minutes puis mix\u00e9e en pur\u00e9e pour une texture plus onctueuse)<\/div>\n<div dir=\"ltr\"><\/div>\n<div dir=\"ltr\"><em>Pr\u00e9paration<\/em><\/div>\n<div>\n<div>Dans un saladier m\u00e9langer les ingr\u00e9dients dans cet ordre.<\/div>\n<div>Verser dans un moule rond beurr\u00e9.<\/div>\n<div>Cuisson 185\u00b0c pendant 40 minutes.<\/div>\n<div><\/div>\n<\/div>\n<div>\n<div dir=\"ltr\"><\/div>\n<\/div>\n","protected":false},"excerpt":{"rendered":"<p>&nbsp;Ingr\u00e9dients 160g de sucre 100g de farine 1 sachet de levure 1 pinc\u00e9e de sel 150g de noix de coco en poudre 3 oeufs 100g &hellip; <\/p>\n","protected":false},"author":1,"featured_media":0,"parent":0,"menu_order":0,"comment_status":"closed","ping_status":"closed","template":"","meta":{"footnotes":""},"class_list":["post-854","page","type-page","status-publish","hentry"],"_links":{"self":[{"href":"https:\/\/amap.porte.csc49.fr\/index.php?rest_route=\/wp\/v2\/pages\/854","targetHints":{"allow":["GET"]}}],"collection":[{"href":"https:\/\/amap.porte.csc49.fr\/index.php?rest_route=\/wp\/v2\/pages"}],"about":[{"href":"https:\/\/amap.porte.csc49.fr\/index.php?rest_route=\/wp\/v2\/types\/page"}],"author":[{"embeddable":true,"href":"https:\/\/amap.porte.csc49.fr\/index.php?rest_route=\/wp\/v2\/users\/1"}],"replies":[{"embeddable":true,"href":"https:\/\/amap.porte.csc49.fr\/index.php?rest_route=%2Fwp%2Fv2%2Fcomments&post=854"}],"version-history":[{"count":4,"href":"https:\/\/amap.porte.csc49.fr\/index.php?rest_route=\/wp\/v2\/pages\/854\/revisions"}],"predecessor-version":[{"id":1796,"href":"https:\/\/amap.porte.csc49.fr\/index.php?rest_route=\/wp\/v2\/pages\/854\/revisions\/1796"}],"wp:attachment":[{"href":"https:\/\/amap.porte.csc49.fr\/index.php?rest_route=%2Fwp%2Fv2%2Fmedia&parent=854"}],"curies":[{"name":"wp","href":"https:\/\/api.w.org\/{rel}","templated":true}]}}