{"id":177,"date":"2014-11-12T17:46:24","date_gmt":"2014-11-12T16:46:24","guid":{"rendered":"http:\/\/amap.porte.free.fr\/wordpress\/?page_id=177"},"modified":"2021-03-07T10:42:51","modified_gmt":"2021-03-07T09:42:51","slug":"crepes-de-courge-vos-recettes","status":"publish","type":"page","link":"https:\/\/amap.porte.csc49.fr\/?page_id=177","title":{"rendered":"Cr\u00eapes de courge"},"content":{"rendered":"<div class=\"crayon article-texte-40 texte\">\n<p><strong>Ingr\u00e9dients\u00a0:<\/strong><\/p>\n<dl class=\"spip_document_84 spip_documents spip_documents_right\" style=\"float: right;\">\n<dt><\/dt>\n<\/dl>\n<p><strong><i>Pour 6 ou 7 cr\u00eapes\u00a0: <\/i><\/strong><\/p>\n<ul class=\"spip\">\n<li><strong>160 g de pur\u00e9e de potimarron ou autre,<\/strong><\/li>\n<li><strong>450 ml de lait,<\/strong><\/li>\n<li><strong>140 g de farine,<\/strong><\/li>\n<li><strong>2 oeufs,<\/strong><\/li>\n<li><strong>1 pinc\u00e9e de sel,<\/strong><\/li>\n<li><strong>huile.<\/strong><\/li>\n<\/ul>\n<p><strong>Pr\u00e9paration\u00a0:<\/strong><\/p>\n<ul class=\"spip\">\n<li><strong>Dans un saladier, verser le lait et la farine.<\/strong><\/li>\n<li><strong>Fouetter et ajouter la pur\u00e9e de potimarron, les oeufs, le sel, 3 cuiller\u00e9es \u00e0 soupe d\u2019huile.<\/strong><\/li>\n<li><strong>Bien m\u00ealer le tout. Si la p\u00e2te fait des grumeaux, la passer au mixer.<\/strong><\/li>\n<li><strong>Cuire les cr\u00eapes dans une po\u00eale huil\u00e9e, comme de coutume. Elles sont un peu plus \u00e9paisses qu\u2019avec une p\u00e2te classique.<\/strong><\/li>\n<li><strong>Il est possible de confectionner cette p\u00e2te avec de la farine de sarrasin. Il faudra alors laisser reposer la pr\u00e9paration une douzaine d\u2019heures.<\/strong><\/li>\n<\/ul>\n<p><strong><i>Recette propos\u00e9e par un Amapien.<\/i><\/strong><\/p>\n<\/div>\n","protected":false},"excerpt":{"rendered":"<p>Ingr\u00e9dients\u00a0: Pour 6 ou 7 cr\u00eapes\u00a0: 160 g de pur\u00e9e de potimarron ou autre, 450 ml de lait, 140 g de farine, 2 oeufs, 1 &hellip; <\/p>\n","protected":false},"author":1,"featured_media":0,"parent":0,"menu_order":0,"comment_status":"open","ping_status":"open","template":"","meta":{"footnotes":""},"class_list":["post-177","page","type-page","status-publish","hentry"],"_links":{"self":[{"href":"https:\/\/amap.porte.csc49.fr\/index.php?rest_route=\/wp\/v2\/pages\/177","targetHints":{"allow":["GET"]}}],"collection":[{"href":"https:\/\/amap.porte.csc49.fr\/index.php?rest_route=\/wp\/v2\/pages"}],"about":[{"href":"https:\/\/amap.porte.csc49.fr\/index.php?rest_route=\/wp\/v2\/types\/page"}],"author":[{"embeddable":true,"href":"https:\/\/amap.porte.csc49.fr\/index.php?rest_route=\/wp\/v2\/users\/1"}],"replies":[{"embeddable":true,"href":"https:\/\/amap.porte.csc49.fr\/index.php?rest_route=%2Fwp%2Fv2%2Fcomments&post=177"}],"version-history":[{"count":2,"href":"https:\/\/amap.porte.csc49.fr\/index.php?rest_route=\/wp\/v2\/pages\/177\/revisions"}],"predecessor-version":[{"id":1798,"href":"https:\/\/amap.porte.csc49.fr\/index.php?rest_route=\/wp\/v2\/pages\/177\/revisions\/1798"}],"wp:attachment":[{"href":"https:\/\/amap.porte.csc49.fr\/index.php?rest_route=%2Fwp%2Fv2%2Fmedia&parent=177"}],"curies":[{"name":"wp","href":"https:\/\/api.w.org\/{rel}","templated":true}]}}