{"id":170,"date":"2014-11-12T17:42:46","date_gmt":"2014-11-12T16:42:46","guid":{"rendered":"http:\/\/amap.porte.free.fr\/wordpress\/?page_id=170"},"modified":"2014-11-18T09:56:41","modified_gmt":"2014-11-18T08:56:41","slug":"gratin-de-pommes-de-terre-et-de-panais-vos-recettes","status":"publish","type":"page","link":"https:\/\/amap.porte.csc49.fr\/?page_id=170","title":{"rendered":"Gratin de pommes de terre et de panais"},"content":{"rendered":"<div class=\"crayon article-texte-44 texte\">\n<p><strong>Ingr\u00e9dients\u00a0:<\/strong><\/p>\n<ul class=\"spip\">\n<li><strong>1 kg de panais<\/strong><\/li>\n<li><strong>800 gr de pommes de terre<\/strong><\/li>\n<li><strong>250 gr de gruy\u00e8re r\u00e2p\u00e9<\/strong><\/li>\n<li><strong>3 gousses d\u2019ail<\/strong><\/li>\n<li><strong>sel, poivre<\/strong><\/li>\n<li><strong>250 ml de cr\u00e8me fra\u00eeche<\/strong><\/li>\n<li><strong>60 gr de chapelure<\/strong><\/li>\n<li><strong>50 gr de beurre<\/strong><\/li>\n<\/ul>\n<p><strong>Pr\u00e9paration\u00a0:<\/strong><\/p>\n<ul class=\"spip\">\n<li><strong>Eplucher les racines de panais, puis les laver \u00e0 grande eau,<\/strong><\/li>\n<li><strong>Couper les panais en lamelles et les faire cuire 10 minutes dans de l\u2019eau \u00e0 \u00e9bullition, Les panais doivent rester croquants. La cuisson continuera dans le four\u00a0!<\/strong><\/li>\n<li><strong>Eplucher les pommes de terre, les couper en rondelles et les faire cuire \u00e0 grande eau,<\/strong><\/li>\n<li><strong>Beurrer le fond de votre plat \u00e0 gratin et disposer des couches de pommes de terre et de panais,<\/strong><\/li>\n<li><strong>Saler, poivrer, ailetr. Vous pouvez ajouter un peu de noix de muscade. Arroser de cr\u00e8me fra\u00eeche.<\/strong><\/li>\n<li><strong>Mettre la chapelure. Recouvrir de fromage r\u00e2p\u00e9 et des noix de beurre restantes.<\/strong><\/li>\n<li><strong>Faire gratiner dans un four chaud.<\/strong><\/li>\n<\/ul>\n<p><strong><i>Recette propos\u00e9e par un Amapien.<\/i><\/strong><\/p>\n<\/div>\n","protected":false},"excerpt":{"rendered":"<p>Ingr\u00e9dients\u00a0: 1 kg de panais 800 gr de pommes de terre 250 gr de gruy\u00e8re r\u00e2p\u00e9 3 gousses d\u2019ail sel, poivre 250 ml de cr\u00e8me &hellip; <\/p>\n","protected":false},"author":1,"featured_media":0,"parent":0,"menu_order":0,"comment_status":"open","ping_status":"open","template":"","meta":{"footnotes":""},"class_list":["post-170","page","type-page","status-publish","hentry"],"_links":{"self":[{"href":"https:\/\/amap.porte.csc49.fr\/index.php?rest_route=\/wp\/v2\/pages\/170","targetHints":{"allow":["GET"]}}],"collection":[{"href":"https:\/\/amap.porte.csc49.fr\/index.php?rest_route=\/wp\/v2\/pages"}],"about":[{"href":"https:\/\/amap.porte.csc49.fr\/index.php?rest_route=\/wp\/v2\/types\/page"}],"author":[{"embeddable":true,"href":"https:\/\/amap.porte.csc49.fr\/index.php?rest_route=\/wp\/v2\/users\/1"}],"replies":[{"embeddable":true,"href":"https:\/\/amap.porte.csc49.fr\/index.php?rest_route=%2Fwp%2Fv2%2Fcomments&post=170"}],"version-history":[{"count":1,"href":"https:\/\/amap.porte.csc49.fr\/index.php?rest_route=\/wp\/v2\/pages\/170\/revisions"}],"predecessor-version":[{"id":430,"href":"https:\/\/amap.porte.csc49.fr\/index.php?rest_route=\/wp\/v2\/pages\/170\/revisions\/430"}],"wp:attachment":[{"href":"https:\/\/amap.porte.csc49.fr\/index.php?rest_route=%2Fwp%2Fv2%2Fmedia&parent=170"}],"curies":[{"name":"wp","href":"https:\/\/api.w.org\/{rel}","templated":true}]}}

<div class="crayon article-texte-44 texte">
<p><strong>Ingrédients :</strong></p>
<ul class="spip">
<li><strong>1 kg de panais</strong></li>
<li><strong>800 gr de pommes de terre</strong></li>
<li><strong>250 gr de gruyère râpé</strong></li>
<li><strong>3 gousses d’ail</strong></li>
<li><strong>sel, poivre</strong></li>
<li><strong>250 ml de crème fraîche</strong></li>
<li><strong>60 gr de chapelure</strong></li>
<li><strong>50 gr de beurre</strong></li>
</ul>
<p><strong>Préparation :</strong></p>
<ul class="spip">
<li><strong>Eplucher les racines de panais, puis les laver à grande eau,</strong></li>
<li><strong>Couper les panais en lamelles et les faire cuire 10 minutes dans de l’eau à ébullition, Les panais doivent rester croquants. La cuisson continuera dans le four !</strong></li>
<li><strong>Eplucher les pommes de terre, les couper en rondelles et les faire cuire à grande eau,</strong></li>
<li><strong>Beurrer le fond de votre plat à gratin et disposer des couches de pommes de terre et de panais,</strong></li>
<li><strong>Saler, poivrer, ailetr. Vous pouvez ajouter un peu de noix de muscade. Arroser de crème fraîche.</strong></li>
<li><strong>Mettre la chapelure. Recouvrir de fromage râpé et des noix de beurre restantes.</strong></li>
<li><strong>Faire gratiner dans un four chaud.</strong></li>
</ul>
<p><strong><i>Recette proposée par un Amapien.</i></strong></p>
</div>

<p>Ingrédients : 1 kg de panais 800 gr de pommes de terre 250 gr de gruyère râpé 3 gousses d’ail sel, poivre 250 ml de crème &hellip; </p>
