{"id":160,"date":"2014-11-12T17:38:48","date_gmt":"2014-11-12T16:38:48","guid":{"rendered":"http:\/\/amap.porte.free.fr\/wordpress\/?page_id=160"},"modified":"2014-11-18T09:59:27","modified_gmt":"2014-11-18T08:59:27","slug":"tarte-a-la-poele-vos-recettes","status":"publish","type":"page","link":"https:\/\/amap.porte.csc49.fr\/?page_id=160","title":{"rendered":"Tarte \u00e0 la po\u00eale"},"content":{"rendered":"<div class=\"crayon article-texte-54 texte\">\n<p><strong>Ingr\u00e9dients\u00a0:<\/strong><\/p>\n<ul class=\"spip\">\n<li><strong>1 oeuf<\/strong><\/li>\n<li><strong>1 cuill\u00e8re \u00e0 soupe d\u2019huile<\/strong><\/li>\n<li><strong>sucre<\/strong><\/li>\n<li><strong>farine<\/strong><\/li>\n<li><strong>lait<\/strong><\/li>\n<li><strong>2 pommes<\/strong><\/li>\n<li><strong>Parfum\u00a0: sucre vanill\u00e9, ou un alcool&#8230;<\/strong><\/li>\n<\/ul>\n<p><strong>Pr\u00e9paration\u00a0:<\/strong><\/p>\n<ul class=\"spip\">\n<li><strong>M\u00e9langer l\u2019oeuf avec l\u2019huile et le sucre, puis la farine et le lait alternativement , jusqu\u2019\u00e0 consistance d\u2019une p\u00e2te \u00e0 g\u00e2teau. Ajouter un parfum.<\/strong><\/li>\n<li><strong>Verser la p\u00e2te dans une po\u00eale bien chaude avec un peu de mati\u00e8re grasse.<\/strong><\/li>\n<li><strong>Mettre ensuite les pommes coup\u00e9es en quartiers.<\/strong><\/li>\n<li><strong>Cuire l\u2019autre c\u00f4t\u00e9 en faisant d\u2019abord glisser la tarte dans une assiette, puis la retourner dans la po\u00eale.<\/strong><\/li>\n<li><strong>Surveiller bien la cuisson.<\/strong><\/li>\n<\/ul>\n<p><strong>Variante\u00a0:<\/strong><\/p>\n<ul class=\"spip\">\n<li><strong>Mettre 1 ou 2 bananes \u00e0 la place des pommes et saupoudrer de canelle et de sucre en fin de cuisson.<\/strong><\/li>\n<\/ul>\n<p><strong><i>Recette propos\u00e9e par Simone. <\/i><\/strong><\/p>\n<\/div>\n","protected":false},"excerpt":{"rendered":"<p>Ingr\u00e9dients\u00a0: 1 oeuf 1 cuill\u00e8re \u00e0 soupe d\u2019huile sucre farine lait 2 pommes Parfum\u00a0: sucre vanill\u00e9, ou un alcool&#8230; Pr\u00e9paration\u00a0: M\u00e9langer l\u2019oeuf avec l\u2019huile et &hellip; <\/p>\n","protected":false},"author":1,"featured_media":0,"parent":0,"menu_order":0,"comment_status":"open","ping_status":"open","template":"","meta":{"footnotes":""},"class_list":["post-160","page","type-page","status-publish","hentry"],"_links":{"self":[{"href":"https:\/\/amap.porte.csc49.fr\/index.php?rest_route=\/wp\/v2\/pages\/160","targetHints":{"allow":["GET"]}}],"collection":[{"href":"https:\/\/amap.porte.csc49.fr\/index.php?rest_route=\/wp\/v2\/pages"}],"about":[{"href":"https:\/\/amap.porte.csc49.fr\/index.php?rest_route=\/wp\/v2\/types\/page"}],"author":[{"embeddable":true,"href":"https:\/\/amap.porte.csc49.fr\/index.php?rest_route=\/wp\/v2\/users\/1"}],"replies":[{"embeddable":true,"href":"https:\/\/amap.porte.csc49.fr\/index.php?rest_route=%2Fwp%2Fv2%2Fcomments&post=160"}],"version-history":[{"count":1,"href":"https:\/\/amap.porte.csc49.fr\/index.php?rest_route=\/wp\/v2\/pages\/160\/revisions"}],"predecessor-version":[{"id":437,"href":"https:\/\/amap.porte.csc49.fr\/index.php?rest_route=\/wp\/v2\/pages\/160\/revisions\/437"}],"wp:attachment":[{"href":"https:\/\/amap.porte.csc49.fr\/index.php?rest_route=%2Fwp%2Fv2%2Fmedia&parent=160"}],"curies":[{"name":"wp","href":"https:\/\/api.w.org\/{rel}","templated":true}]}}